se h = -5*f + 2*a + 643, 0*f + 384 = 3*f - 3*a. Calculate the remainder when f is divided by 34.
27
Let r(v) = -v**3 - v**2 + 15. Suppose 0*o = o. What is the remainder when r(o) is divided by (8/6)/(1/3)?
3
Let c = 8 - 18. Let z = -4 - c. Calculate the remainder when 11 is divided by z.
5
Let a = 38 - -12. Calculate the remainder when 145 is divided by a.
45
Let f = 327 + -275. Calculate the remainder when 413 is divided by f.
49
Suppose 0 = -2*y - 3*w + 10, -4*y + 5*w - w = 20. Let r = y - -7. Suppose -6*l = -3*l - r. Calculate the remainder when 5 is divided by l.
1
Suppose -5*b + 104 + 26 = -5*g, 5*g = 4*b - 103. Calculate the remainder when b is divided by 8.
3
Suppose 26608 + 11612 = 91*f. What is the remainder when f is divided by 3?
0
Suppose 4*p - 3 = 5. Suppose 3*g = -p*g + 95. Let f = 130 - 76. What is the remainder when f is divided by g?
16
Suppose 2*x - k + 101 = -5, 5*x + 4*k = -265. Let b = 63 + x. Calculate the remainder when 19 is divided by b.
9
Suppose -3*n + 10 = -23. Suppose 2*v - 127 = -3*d, d + 39*v - 36*v = 40. Calculate the remainder when d is divided by n.
10
Let b be (-1 - 0)/((-16)/352). Suppose -2*a + 0*a = -4*t - b, 5*a = -3*t + 3. Suppose -a*o + 34 = -5. Calculate the remainder when 24 is divided by o.
11
Suppose 0 = 4*u - 2*c - 374, 2*u + 14 - 213 = 5*c. Suppose 2*q = 6*q - u. What is the remainder when 90 is divided by q?
21
Let b(u) = -u - 5. Let v be b(-8). Suppose 2*p + 699 = v*p. Suppose 5*w = -224 + p. What is the remainder when w is divided by 32?
31
Suppose -b + 2*b = 8. Suppose 3*o = b + 1. Suppose 3*a + 12 = o*z, -5 = -2*z + a + 6. Calculate the remainder when 17 is divided by z.
3
Let d = -18 + 27. Calculate the remainder when ((-99)/(-36))/((-5)/(-80)) is divided by d.
8
Let c(b) = -b**2 - 17*b - 7. Let q be c(-16). Calculate the remainder when 58 is divided by (7 + 1)/(q/2 + -4).
10
Let t(q) = 1 + 0*q + 3*q + 12*q**2 - 3*q + 2*q. Let a(i) = -3*i + 11. Let u be a(4). Calculate the remainder when 32 is divided by t(u).
10
Let w = 59 - 56. Suppose 530 = 13*c - w*c. Calculate the remainder when c is divided by 5.
3
Let f = 40 - 35. What is the remainder when (198/(-5))/(f - 27/5) is divided by 26?
21
Let l = 185 + -131. Suppose 4*b - 5*j = -l + 153, 3*j - 12 = -b. Calculate the remainder when b is divided by (-13 + 1)*1*(-5)/5.
9
Suppose -68*t = -63*t - 315. Calculate the remainder when 1132 is divided by t.
61
Suppose 26*c - 260 - 52 = 0. Let y(r) = r**3 - 3*r**2 - 4*r + 2. Let p be y(4). Suppose -94 = -p*w + c. Calculate the remainder when w is divided by 28.
25
Suppose 2*s = k + 8, -3*k + 35 = 2*k + 5*s. Suppose k*f - 144 = 4*c, -3*f - c + 2*c + 196 = 0. What is the remainder when f is divided by 14?
8
Let s = 40 + -27. Let w = s - 8. Calculate the remainder when 9 is divided by w.
4
Suppose 3*i - 33 = -3*v, v + i + 29 = 4*v. Let o(k) = k**3 - 15*k**2 - 8*k - 79. What is the remainder when o(16) is divided by v?
9
Suppose 0 = -15*d + 13*d. Suppose -2*l = -l - h, 2*l + 4*h = d. Suppose 3*v - 6*v + 42 = l. Calculate the remainder when 41 is divided by v.
13
Let g(z) = z + 11. Let h be g(-9). Suppose 7*b = h*b + 175. Suppose -r = -2*a + b, -4*a = -9*a + 5*r + 90. What is the remainder when a is divided by 5?
2
Let w = -138 + 138. Suppose w = 3*z - m - 214, -m + 136 = 2*z - 3*m. What is the remainder when z is divided by 2/6 + (-112)/(-6)?
16
Suppose 65 = 4*k - 75. Let f = -22 + k. Suppose 0 = -5*z - 0*z + 245. Calculate the remainder when z is divided by f.
10
Let z = -1303 - -1308. Calculate the remainder when 292 is divided by z.
2
Let i(g) = 2*g**3 - g**2 - 18*g + 43. Calculate the remainder when i(5) is divided by 45.
43
Let z = -33 - -33. Calculate the remainder when (3 + (z - 28))/(-1) is divided by 11.
3
Suppose 2*j - 5*t = 35, -2*j = -3*t + 2 - 47. Let d(m) = -m**3 - 14*m**2 - 27*m + 23. Calculate the remainder when d(-12) is divided by j.
29
Let o(n) = -n**3 + 14*n**2 + 2 + 2*n - 3*n**3 + 3*n - 11*n**2. Suppose -j + 5*j - 52 = 0. What is the remainder when o(-2) is divided by j?
10
Suppose -4*v + 32 = -8*v. Let y(a) = a**2 - a - 15. Suppose 0 = 3*j + 20 - 65. Calculate the remainder when y(v) is divided by j.
12
Let m(u) = -108*u - 570. What is the remainder when 170 is divided by m(-6)?
14
Let z = -955 - -1192. What is the remainder when z is divided by 16?
13
Let t(b) = -b**3 - 24*b**2 + 20*b + 12. Let j(o) = o**3 + 8*o**2 + 8*o - 1. Calculate the remainder when t(-25) is divided by j(-6).
22
Let w = -12 + 21. Suppose -40 = -w*i + 4*i. Calculate the remainder when 31/((-1)/2*-2) is divided by i.
7
Suppose 2 - 67 = -5*a. Suppose 2*c - 5*v - 7 = 0, -v = -5*c + 2*v - 11. What is the remainder when c*14*35/(-40) is divided by a?
10
Suppose 0 = -2*t - 3 + 7. Let h(l) = 4 + 2*l**2 + 0 - 3*l - 3*l**t. Calculate the remainder when 9 is divided by h(-3).
1
Calculate the remainder when (968/(-20))/(2/(-5)) is divided by 4.
1
Let v(j) = 3*j**3 - 55*j**2 - 36*j + 50. Calculate the remainder when 129 is divided by v(19).
41
Suppose 4*n - 4*g - 296 = 0, 42 + 27 = n + 4*g. What is the remainder when n is divided by 22?
7
Suppose -52 = -11*b - 19. What is the remainder when 466/5 + b/45*-3 is divided by 25?
18
Let r(o) = 32*o - 71. Calculate the remainder when r(6) is divided by 43.
35
Suppose 11 = y + 7. Suppose -3*u + 48 = -0*i + 5*i, -u + 5*i - y = 0. Calculate the remainder when 27 is divided by u.
5
Let m = -36 - -42. Let c(p) = 7*p**2 - 11*p + 18. Let q(a) = 3*a**2 - 6*a + 9. Let f(j) = 2*c(j) - 5*q(j). Calculate the remainder when 10 is divided by f(m).
1
Let c(a) = a**3 - 31*a**2 + 89*a - 35. What is the remainder when 522 is divided by c(28)?
102
Let w = -655 + 825. What is the remainder when w is divided by 89?
81
Let g = -2109 + 2124. Let f(m) = m**3 - m**2 + 3*m - 4. Calculate the remainder when f(3) is divided by g.
8
Let a be (24 + 2)/(((-8)/(-14))/2). Let q = 98 - a. What is the remainder when q is divided by 1?
0
Let m(t) = -7*t - 43. Let p be m(-7). Calculate the remainder when -4 + p - 4 - -44 is divided by 11.
9
Suppose 0 = -0*c - 3*c - 114. Let v = -35 - c. What is the remainder when 16 is divided by v?
1
Let i = 307 - 245. Calculate the remainder when i is divided by 22.
18
Suppose 4*x - 3*x - 20 = 2*j, 4*j = -4*x + 92. Calculate the remainder when 196 is divided by x.
20
Let q(a) = a + 29. Let m be q(9). Suppose 0 = 3*f + 4*n - 34, 6*n = -3*f + n + m. What is the remainder when 17 is divided by f?
5
Suppose 3*w + 384 = 3*c, -2*w + 47 + 447 = 4*c. Let q = -112 + c. What is the remainder when q is divided by 3?
1
Suppose -9*c + 4*c = 0. Suppose -m + 10 = -c*m. Suppose -2*l - 5 = -3*l, 3*p - 3*l = -3. What is the remainder when m is divided by p?
2
Let n(k) = k**2 + 10*k + 16. What is the remainder when (-2)/4*232/((-24)/6) is divided by n(-10)?
13
Let c = -1428 - -1503. What is the remainder when 219 is divided by c?
69
Suppose -17*z = 34 - 515 - 80. Let f = 6 - 0. What is the remainder when z is divided by f?
3
Suppose 0 = 5*n + 801 - 1051. Calculate the remainder when 133 is divided by n.
33
Let i(f) = 2*f**2 - 2*f - 2. Let w be i(2). Let b be (-1)/((-18)/(-10) - w). Suppose -b*c + 8*c = 75. Calculate the remainder when c is divided by 13.
12
Let o(r) = -r + 26. Suppose 16 + 2 = -3*z. What is the remainder when o(z) is divided by 5?
2
Suppose 284 + 1108 = 3*t + 2*o, -3*o = -5*t + 2320. Calculate the remainder when t is divided by 78.
74
Let j = -740 + 1039. What is the remainder when j is divided by 50?
49
Suppose t - 9 = -t - r, 5*t - r = 19. Suppose -9*b = -7*b - 30. What is the remainder when b is divided by t?
3
Let p be (2 - 1)*(-2)/(-2). Let i be (-5 + 7)*(p + 1). Calculate the remainder when 26 is divided by ((-7)/i)/((-2)/16).
12
Let y = -6 + -40. Let j = y + 73. What is the remainder when j is divided by (86 + -80)*10/4?
12
Let a(y) = 61*y + 806. What is the remainder when a(-12) is divided by 6?
2
Suppose -23 = -j + 31. What is the remainder when j is divided by ((-145)/(-116))/((-3)/(-36))?
9
Suppose 34*i = -i + 1015. Calculate the remainder when 60 is divided by i.
2
Let r = 702 + -602. Calculate the remainder when r is divided by 28.
16
Let b(v) = -40*v - 233. What is the remainder when 120 is divided by b(-6)?
1
Suppose -5*d + 661 = -w, 4*w - 237 = -3*d + 178. What i